rt 164402 (base 8) to base 13.
211c6
Convert -5038 (base 11) to base 13.
-3081
What is 36d9 (base 14) in base 13?
44a5
What is 9359 (base 16) in base 15?
b29b
-6345 (base 7) to base 15
-9e3
Convert 1112200 (base 4) to base 12.
3254
Convert 3885 (base 14) to base 4.
2122331
Convert 2112200001 (base 3) to base 6.
1023431
What is 2de6 (base 16) in base 8?
26746
-1755 (base 9) to base 12
-942
Convert -13805 (base 9) to base 4.
-2102321
5684 (base 12) to base 16
2584
What is -8c (base 15) in base 12?
-b0
What is -6b87 (base 13) in base 11?
-10425
What is 1a1 (base 15) in base 10?
376
-31510 (base 9) to base 14
-7838
-101011000 (base 2) to base 14
-1a8
Convert -a0 (base 13) to base 16.
-82
What is -2255 (base 9) in base 12?
-b72
2010224 (base 5) to base 9
47727
What is -120002200 (base 3) in base 13?
-5019
-103211 (base 4) to base 9
-1642
Convert -636 (base 16) to base 14.
-818
Convert -55 (base 9) to base 11.
-46
Convert -10233 (base 7) to base 12.
-1563
Convert -7 (base 14) to base 12.
-7
Convert -30447 (base 10) to base 15.
-904c
Convert 13350 (base 7) to base 12.
2110
-1011010111 (base 2) to base 13
-43c
1975 (base 10) to base 5
30400
-44b (base 14) to base 13
-506
2241432 (base 5) to base 10
40242
What is 152250 (base 6) in base 2?
11100111000110
1a9b (base 15) to base 7
22553
Convert 101221 (base 3) to base 10.
295
Convert 176 (base 12) to base 8.
352
What is -4 (base 12) in base 3?
-11
-10001112 (base 3) to base 7
-6332
What is 85782 (base 10) in base 16?
14f16
Convert -a3 (base 14) to base 11.
-120
-1110111111 (base 2) to base 3
-1022112
Convert -955 (base 14) to base 10.
-1839
Convert 35d (base 14) to base 8.
1237
455 (base 8) to base 16
12d
345a (base 11) to base 13
20b5
-6242 (base 7) to base 5
-32221
What is 4561 (base 12) in base 15?
243a
What is 12105 (base 7) in base 11?
23a6
Convert 231123 (base 4) to base 15.
cdc
Convert -35 (base 6) to base 8.
-27
-110 (base 3) to base 9
-13
1171 (base 10) to base 12
817
What is 173 (base 10) in base 9?
212
Convert 1010010011 (base 2) to base 16.
293
243 (base 15) to base 13
306
58 (base 11) to base 7
120
-814 (base 16) to base 8
-4024
-11420 (base 5) to base 13
-512
Convert 3223 (base 6) to base 16.
2df
Convert 122201 (base 4) to base 16.
6a1
Convert -9a01 (base 16) to base 3.
-2000002012
What is -130242 (base 5) in base 8?
-11720
120210 (base 5) to base 4
1011032
Convert 2781 (base 15) to base 6.
103034
Convert 4280 (base 10) to base 6.
31452
What is 100110100000010 (base 2) in base 12?
b4aa
-31346 (base 9) to base 2
-101000011011001
Convert -4420 (base 5) to base 2.
-1001100010
-130223 (base 7) to base 8
-57075
What is -314b (base 16) in base 10?
-12619
Convert 3239 (base 14) to base 2.
10000111100011
Convert 224 (base 6) to base 9.
107
Convert -11000110110 (base 2) to base 4.
-120312
What is -645 (base 13) in base 2?
-10000101111
4230 (base 6) to base 3
1022100
What is -10100120 (base 3) in base 12?
-14b9
What is 3a2 (base 16) in base 10?
930
530 (base 7) to base 6
1122
-10010110011010110 (base 2) to base 7
-440350
What is -2122210201 (base 3) in base 4?
-30301321
-10261 (base 12) to base 14
-798d
What is 206a (base 12) in base 6?
24214
649d (base 15) to base 2
101001100110010
4322022 (base 5) to base 4
101322223
-ccc (base 13) to base 5
-32241
Convert 534 (base 10) to base 9.
653
-11010101100011 (base 2) to base 12
-7aab
What is 169a (base 13) in base 8?
6412
Convert 32222 (base 4) to base 6.
4202
Convert -110010110 (base 2) to base 6.
-1514
-db5 (base 14) to base 9
-3637
1200022 (base 3) to base 4
103013
What is -2602 (base 7) in base 5?
-12412
What is -14231 (base 6) in base 11?
-1767
Convert -31860 (base 10) to base 4.
-13301310
-481 (base 13) to base 10
-781
What is -9042 (base 10) in base 16?
-2352
What is -1001011100 (base 2) in base 3?
-211101
Convert 30410 (base 6) to base 3.
12112120
Convert 9b97 (base 12) to base 7.
101203
What is -972 (base 10) in base 3?
-1100000
What is 837 (base 9) in base 13?
406
What is 11010000101000 (base 2) in base 9?
20275
What is 876 (base 14) in base 2?
11010001000
-89b6 (base 13) to base 12
-b17a
11362 (base 8) to base 12
2982
Convert -150204 (base 7) to base 12.
-14896
Convert -2442 (base 12) to base 4.
-333302
What is -11 (base 8) in base 12?
-9
What is 10011111010 (base 2) in base 8?
2372
Convert 236f (base 16) to base 4.
2031233
Convert 104114 (base 5) to base 14.
1495
What is 1a16 (base 14) in base 13?
21c5
What is -101247 (base 8) in base 7?
-166341
Convert 5641 (base 11) to base 9.
11161
What is -24b (base 12) in base 11?
-296
What is -4301 (base 5) in base 16?
-240
590 (base 10) to base 5
4330
Convert -46 (base 9) to base 5.
-132
Convert 1011010001011 (base 2) to base 9.
7822
100000101000 (base 2) to base 15
943
-200121 (base 3) to base 2
-111110110
What is -4674 (base 15) in base 2?
-11101001101111
What is 543 (base 7) in base 16?
114
What is 273 (base 13) in base 6?
2000
What is 10035 (base 6) in base 9?
1725
Convert -3464 (base 7) to base 2.
-10011110111
-156 (base 14) to base 8
-420
What is 1bb (base 15) in base 11?
335
What is 9a2 (base 12) in base 9?
1845
What is 5dd8 (base 14) in base 5?
1011313
What is 55355 (base 6) in base 2?
1111000010111
Convert 31ac (base 16) to base 8.
30654
Convert -1000002 (base 3) to base 5.
-10411
Convert -1001001111011 (base 2) to base 16.
-127b
What is 5036 (base 12) in base 2?
10000111101010
What is b646 (base 13) in base 9?
37553
15206 (base 8) to base 4
1222012
Convert -3673 (base 13) to base 8.
-17023
-75112 (base 10) to base 14
-1d532
What is -234 (base 10) in base 2?
-11101010
Convert -3030 (base 5) to base 4.
-12012
Convert -200210 (base 3) to base 6.
-2203
14b (base 15) to base 11
24a
What is -f70a (base 16) in base 8?
-173412
What is 2ac (base 14) in base 4?
20200
Convert -42064 (base 9) to base 5.
-1342020
-3c63 (base 14) to base 5
-320141
32244 (base 6) to base 3
20001201
-448 (base 9) to base 15
-198
What is -100011110111110 (base 2) in base 3?
-221012020
What is -2202 (base 3) in base 15?
-4e
-156 (base 11) to base 14
-d0
What is -540053 (base 6) in base 8?
-126101
Convert -7546 (base 11) to base 14.
-38c4
-1142 (base 5) to base 6
-444
What is 3423 (base 7) in base 4?
103122
Convert -17aba (base 14) to base 3.
-10000221220
What is 9a1 (base 12) in base 9?
1844
What is -4837 (base 11) in base 4?
-1202330
395 (base 10) to base 16
18b
Convert 110321 (base 4) to base 8.
2471
621 (base 9) to base 8
771
Convert -323 (base 14) to base 5.
-4434
24705 (base 8) to base 12
6231
Convert -142223 (base 6) to base 8.
-32247
Convert 4505 (base 10) to base 3.
20011212
What is -1009 (base 14) in base 15?
-c38
Convert 1031414 (base 6) to base 3.
2120211201
Convert -232134 (base 6) to base 5.
-1114210
What is -1adf (base 16) in base 15?
-2089
-29153 (base 11) to base 6
-515504
What is -1101100111 (base 2) in base 8?
-1547
-70 (base 16) to base 2
-1110000
33587 (base 11) to base 12
24174
11521 (base 9) to base 3
101120201
What is b5c (base 16) in base 14?
10ba
What is 222212221 (base 3) in base 13?
8bc9
Convert -37b (base 13) to base 9.
-746
11234 (base 5) to base 16
333
What is 1100101111100 (base 2) in base 16?
197c
Convert -2003231 (base 5) to base 4.
-13233023
Convert -455 (base 8) to base 11.
-254
20210110 (base 3) to base 10
4953
What is 31130 (base 4) in base 12?
5b8
12303102 (base 4) to base 15
83c3
2121021 (base 4) to base 7
40401
What is -112 (base 15) in base 7?
-464
What is 8b5 (base 15) in base 7?
5513
What is -28 (base 11) in base 10?
-30
What is -4705 (base 10) in base 9?
-6407
What is 10344 (base 8) in base 14?
180c
-10347 (base 9) to base 15
-2067
What is 25008 (base 9) in base 5?
1014100
-100111011101 (base 2) to base 15
-b35
-58c (base 16) to base 5
-21140
What is -1112221010 (base 3) in base 14?
-b1d5
-7294 (base 11) to base 7
-40112
-826 (base 10) to base 15
-3a1
-8831 (base 9) to base 10
-6508
Convert -3042 (base 12) to base 10.
-5234
What is 226 (base 8) in base 12?
106
Convert 553 (base 15) to base 11.
9a4
What is -31631 (base 8) in base 4?
-3032121
What is -31 (base 13) in base 7?
-55
What is 307 (base 8) in base 2?
11000111
-153 (base 7) to base 4
-1113
What is 751c (base 13) in base 2?
11111101111001
What is 8119 (base 13) in base 9?
26331
Convert ad3 (base 14) to base 12.
12a9
Convert 